it of 573246964?
2
What is the thousands digit of 8446319?
6
What is the thousands digit of 43297274?
7
What is the ten millions digit of 177766620?
7
What is the hundreds digit of 3865272295?
2
What is the tens digit of 31170883?
8
What is the hundred thousands digit of 728600570?
6
What is the thousands digit of 426935496?
5
What is the units digit of 918738863?
3
What is the thousands digit of 1393831055?
1
What is the units digit of 46265587?
7
What is the hundreds digit of 7163068757?
7
What is the millions digit of 1811583136?
1
What is the ten millions digit of 1739230007?
3
What is the hundred millions digit of 500105654?
5
What is the thousands digit of 1636783304?
3
What is the hundred millions digit of 134613823?
1
What is the units digit of 104617782?
2
What is the thousands digit of 306145239?
5
What is the hundred thousands digit of 292639522?
6
What is the units digit of 260094330?
0
What is the thousands digit of 117614015?
4
What is the ten millions digit of 210068761?
1
What is the hundreds digit of 242602966?
9
What is the ten millions digit of 283638956?
8
What is the ten millions digit of 1657297412?
5
What is the ten thousands digit of 82804828?
0
What is the hundred thousands digit of 113068578?
0
What is the units digit of 101023328?
8
What is the billions digit of 7361892195?
7
What is the ten thousands digit of 9100411168?
1
What is the ten millions digit of 120855991?
2
What is the ten millions digit of 23871219?
2
What is the ten thousands digit of 2510818817?
1
What is the ten thousands digit of 2012508617?
0
What is the millions digit of 43572520?
3
What is the ten millions digit of 33446851?
3
What is the ten thousands digit of 367392121?
9
What is the hundreds digit of 1711220379?
3
What is the hundreds digit of 459061421?
4
What is the hundreds digit of 466738094?
0
What is the thousands digit of 64614687?
4
What is the tens digit of 57202285?
8
What is the hundred thousands digit of 396252212?
2
What is the units digit of 30769007?
7
What is the hundred thousands digit of 154947672?
9
What is the thousands digit of 2936365754?
5
What is the ten thousands digit of 2230557318?
5
What is the hundred thousands digit of 296785807?
7
What is the millions digit of 66933154?
6
What is the hundreds digit of 691556914?
9
What is the hundreds digit of 40363632?
6
What is the tens digit of 109645548?
4
What is the ten millions digit of 2115075711?
1
What is the thousands digit of 123036276?
6
What is the hundred thousands digit of 95808706?
8
What is the units digit of 138578586?
6
What is the ten thousands digit of 1005971135?
7
What is the hundred thousands digit of 503263563?
2
What is the hundreds digit of 1410412723?
7
What is the ten thousands digit of 861965825?
6
What is the units digit of 4386661755?
5
What is the ten thousands digit of 1758406080?
0
What is the hundred millions digit of 1612940818?
6
What is the hundred thousands digit of 302438652?
4
What is the hundreds digit of 2932681326?
3
What is the thousands digit of 154826968?
6
What is the tens digit of 43002228?
2
What is the units digit of 171759806?
6
What is the millions digit of 229775362?
9
What is the units digit of 510194565?
5
What is the hundred millions digit of 412293093?
4
What is the millions digit of 358101714?
8
What is the tens digit of 465550898?
9
What is the tens digit of 384536868?
6
What is the hundred thousands digit of 75070762?
0
What is the hundred thousands digit of 283753319?
7
What is the tens digit of 67169527?
2
What is the tens digit of 23790789?
8
What is the hundred millions digit of 3794447324?
7
What is the tens digit of 4297340198?
9
What is the hundred thousands digit of 4040830789?
8
What is the tens digit of 1400923312?
1
What is the hundred thousands digit of 513487688?
4
What is the units digit of 295366617?
7
What is the hundred thousands digit of 1045390907?
3
What is the thousands digit of 1241800763?
0
What is the thousands digit of 87928855?
8
What is the ten millions digit of 1340122815?
4
What is the hundreds digit of 3275740?
7
What is the units digit of 1951906434?
4
What is the thousands digit of 4435754630?
4
What is the ten millions digit of 14406224?
1
What is the hundred thousands digit of 3304668230?
6
What is the millions digit of 474533882?
4
What is the ten millions digit of 1562532823?
6
What is the ten millions digit of 6664231989?
6
What is the tens digit of 491904037?
3
What is the tens digit of 80786647?
4
What is the ten millions digit of 72594158?
7
What is the ten millions digit of 54252257?
5
What is the tens digit of 307314507?
0
What is the ten thousands digit of 875816010?
1
What is the hundred millions digit of 209563303?
2
What is the millions digit of 1593211057?
3
What is the millions digit of 104753758?
4
What is the hundred thousands digit of 27351078?
3
What is the ten millions digit of 819567050?
1
What is the hundred thousands digit of 298214294?
2
What is the thousands digit of 512346979?
6
What is the hundred thousands digit of 94999139?
9
What is the tens digit of 584417807?
0
What is the thousands digit of 958314309?
4
What is the hundred thousands digit of 83559754?
5
What is the millions digit of 116578579?
6
What is the ten thousands digit of 1797515911?
1
What is the thousands digit of 39051292?
1
What is the hundred thousands digit of 6710865988?
8
What is the ten thousands digit of 59714850?
1
What is the tens digit of 292614663?
6
What is the thousands digit of 2491179101?
9
What is the hundreds digit of 1387626041?
0
What is the millions digit of 4405628727?
5
What is the ten thousands digit of 48524065?
2
What is the ten millions digit of 141542316?
4
What is the hundred millions digit of 223895268?
2
What is the hundred thousands digit of 1328069448?
0
What is the units digit of 510369791?
1
What is the hundred millions digit of 224250259?
2
What is the hundreds digit of 29804101?
1
What is the thousands digit of 35339340?
9
What is the hundred millions digit of 637869411?
6
What is the units digit of 9585078?
8
What is the thousands digit of 60911566?
1
What is the units digit of 201492837?
7
What is the millions digit of 71495843?
1
What is the hundreds digit of 2052247485?
4
What is the units digit of 888497162?
2
What is the hundreds digit of 28662668?
6
What is the millions digit of 4707235?
4
What is the hundred millions digit of 1248703857?
2
What is the hundred thousands digit of 831478597?
4
What is the millions digit of 816869205?
6
What is the ten thousands digit of 2904198753?
9
What is the ten millions digit of 1641057959?
4
What is the thousands digit of 112489058?
9
What is the thousands digit of 77977232?
7
What is the tens digit of 5009177557?
5
What is the units digit of 1706155295?
5
What is the millions digit of 54843737?
4
What is the ten thousands digit of 76323803?
2
What is the thousands digit of 1439656?
9
What is the hundred millions digit of 354669681?
3
What is the ten thousands digit of 2143769293?
6
What is the ten millions digit of 494142691?
9
What is the hundred thousands digit of 861503857?
5
What is the ten thousands digit of 614617487?
1
What is the millions digit of 545650098?
5
What is the hundred thousands digit of 295974474?
9
What is the billions digit of 1825894968?
1
What is the ten millions digit of 311246950?
1
What is the ten thousands digit of 146721106?
2
What is the hundred millions digit of 639794640?
6
What is the thousands digit of 32800474?
0
What is the hundred thousands digit of 2283909416?
9
What is the ten millions digit of 779844829?
7
What is the units digit of 733355847?
7
What is the millions digit of 110350253?
0
What is the hundreds digit of 375167017?
0
What is the units digit of 1471321245?
5
What is the ten thousands digit of 80582243?
8
What is the ten thousands digit of 432149989?
4
What is the ten thousands digit of 235801231?
0
What is the billions digit of 6231855376?
6
What is the hundred millions digit of 1389279297?
3
What is the millions digit of 39026488?
9
What is the units digit of 280189623?
3
What is the thousands digit of 286525854?
5
What is the hundred millions digit of 2314469377?
3
What is the hundreds digit of 143474401?
4
What is the ten millions digit of 168846617?
6
